{"id":100,"date":"2023-09-19T15:57:08","date_gmt":"2023-09-19T13:57:08","guid":{"rendered":"https:\/\/vacances-mussillons.fr\/?page_id=100"},"modified":"2023-09-19T16:29:04","modified_gmt":"2023-09-19T14:29:04","slug":"services-et-equipements","status":"publish","type":"page","link":"https:\/\/vacances-mussillons.fr\/index.php\/services-et-equipements\/","title":{"rendered":"Services et \u00e9quipements"},"content":{"rendered":"\n<h2 class=\"wp-block-heading\">Confort<\/h2>\n\n\n\n<p>T\u00e9l\u00e9phone<br>Cuisine&nbsp; &nbsp; &nbsp; &nbsp; &nbsp; &nbsp; &nbsp; &nbsp;<br>R\u00e9frig\u00e9rateurs&nbsp; &nbsp; &nbsp; &nbsp;<br>Lave-vaisselle de collectivit\u00e9&nbsp; &nbsp; &nbsp; &nbsp; &nbsp;<br>\u200bCong\u00e9lateurs<br>Chambres non fumeur<\/p>\n\n\n\n<h2 class=\"wp-block-heading\">Equipement<\/h2>\n\n\n\n<p>Salle de r\u00e9union adaptable en salle de classe<br>\u200b2 tableaux \u00e0 craie&nbsp; &nbsp; &nbsp; &nbsp;<br>Sanitaires communs<br>Acc\u00e8s PMR&nbsp; &nbsp; &nbsp;&nbsp;<br>Abris pour v\u00e9lo ou VTT<\/p>\n\n\n\n<h2 class=\"wp-block-heading\">Agr\u00e9ments<\/h2>\n\n\n\n<p>Minist\u00e8re de l&rsquo;Education Nationale<br>Minist\u00e8re de la Jeunesse et des Sports<\/p>\n\n\n\n<div style=\"height:100px\" aria-hidden=\"true\" class=\"wp-block-spacer\"><\/div>\n","protected":false},"excerpt":{"rendered":"<p>Confort T\u00e9l\u00e9phoneCuisine&nbsp; &nbsp; &nbsp; &nbsp; &nbsp; &nbsp; &nbsp; &nbsp;R\u00e9frig\u00e9rateurs&nbsp; &nbsp; &nbsp; &nbsp;Lave-vaisselle de collectivit\u00e9&nbsp; &nbsp; &nbsp; &nbsp; &nbsp;\u200bCong\u00e9lateursChambres non fumeur Equipement Salle de r\u00e9union adaptable en salle de classe\u200b2 tableaux \u00e0 craie&nbsp; &nbsp; &nbsp; &nbsp;Sanitaires communsAcc\u00e8s PMR&nbsp; &nbsp; &nbsp;&nbsp;Abris pour v\u00e9lo ou VTT Agr\u00e9ments Minist\u00e8re de l&rsquo;Education NationaleMinist\u00e8re de la [&hellip;]<\/p>\n","protected":false},"author":1,"featured_media":27,"parent":0,"menu_order":0,"comment_status":"closed","ping_status":"closed","template":"","meta":{"_themeisle_gutenberg_block_has_review":false,"footnotes":""},"class_list":["post-100","page","type-page","status-publish","has-post-thumbnail","hentry"],"_links":{"self":[{"href":"https:\/\/vacances-mussillons.fr\/index.php\/wp-json\/wp\/v2\/pages\/100","targetHints":{"allow":["GET"]}}],"collection":[{"href":"https:\/\/vacances-mussillons.fr\/index.php\/wp-json\/wp\/v2\/pages"}],"about":[{"href":"https:\/\/vacances-mussillons.fr\/index.php\/wp-json\/wp\/v2\/types\/page"}],"author":[{"embeddable":true,"href":"https:\/\/vacances-mussillons.fr\/index.php\/wp-json\/wp\/v2\/users\/1"}],"replies":[{"embeddable":true,"href":"https:\/\/vacances-mussillons.fr\/index.php\/wp-json\/wp\/v2\/comments?post=100"}],"version-history":[{"count":2,"href":"https:\/\/vacances-mussillons.fr\/index.php\/wp-json\/wp\/v2\/pages\/100\/revisions"}],"predecessor-version":[{"id":128,"href":"https:\/\/vacances-mussillons.fr\/index.php\/wp-json\/wp\/v2\/pages\/100\/revisions\/128"}],"wp:featuredmedia":[{"embeddable":true,"href":"https:\/\/vacances-mussillons.fr\/index.php\/wp-json\/wp\/v2\/media\/27"}],"wp:attachment":[{"href":"https:\/\/vacances-mussillons.fr\/index.php\/wp-json\/wp\/v2\/media?parent=100"}],"curies":[{"name":"wp","href":"https:\/\/api.w.org\/{rel}","templated":true}]}}