{"id":247,"date":"2023-09-21T12:36:47","date_gmt":"2023-09-21T10:36:47","guid":{"rendered":"https:\/\/vacances-mussillons.fr\/?page_id=247"},"modified":"2023-12-03T16:43:34","modified_gmt":"2023-12-03T15:43:34","slug":"la-region","status":"publish","type":"page","link":"https:\/\/vacances-mussillons.fr\/index.php\/la-region\/","title":{"rendered":"La R\u00e9gion"},"content":{"rendered":"\n<p>Le&nbsp;d\u00e9partement du Jura est un&nbsp;d\u00e9partement fran\u00e7ais&nbsp;dont le nom vient du gaulois&nbsp;juris&nbsp;qui signifie \u00ab&nbsp;for\u00eat de montagne&nbsp;\u00bb (massif du Jura). C&rsquo;est un des huit d\u00e9partements de la r\u00e9gion&nbsp;Bourgogne-Franche-Comt\u00e9. Il fait partie de la r\u00e9gion historique et culturelle de&nbsp;Franche-Comt\u00e9. Sa pr\u00e9fecture est&nbsp;Lons-le-Saunier.<br>Ses habitants sont les Jurassiens. L&rsquo;Insee&nbsp;et&nbsp;la Poste&nbsp;lui attribuent le code 39.<br>&nbsp; &nbsp; &nbsp; &nbsp; &nbsp; &nbsp; &nbsp; &nbsp; &nbsp; &nbsp; &nbsp; &nbsp; &nbsp; &nbsp; &nbsp; &nbsp; &nbsp; &nbsp; &nbsp; &nbsp; &nbsp; &nbsp; &nbsp; &nbsp; &nbsp; &nbsp; &nbsp; &nbsp; &nbsp; &nbsp; &nbsp; &nbsp; &nbsp; &nbsp; &nbsp; &nbsp; &nbsp; &nbsp; &nbsp; &nbsp; &nbsp; &nbsp; &nbsp; &nbsp; &nbsp; &nbsp; &nbsp; &nbsp; &nbsp; &nbsp; &nbsp; &nbsp; &nbsp; &nbsp; &nbsp; &nbsp; &nbsp; &nbsp; &nbsp; &nbsp; &nbsp; &nbsp; &nbsp; &nbsp; &nbsp; &nbsp; &nbsp; &nbsp; &nbsp; &nbsp; &nbsp; &nbsp; &nbsp; &nbsp; &nbsp; &nbsp; &nbsp; &nbsp; &nbsp; &nbsp; &nbsp; &nbsp; &nbsp; &nbsp; &nbsp; &nbsp; &nbsp; &nbsp; &nbsp; &nbsp; &nbsp; &nbsp; &nbsp; &nbsp; &nbsp; &nbsp; &nbsp; &nbsp; &nbsp; &nbsp; &nbsp; &nbsp; &nbsp; &nbsp; &nbsp; Sources : Wikipedia<\/p>\n\n\n\n<p><\/p>\n\n\n\n<div id=\"wp-block-themeisle-blocks-slider-07adf909\" class=\"wp-block-themeisle-blocks-slider glide\" data-per-view=\"1\" data-gap=\"0\" data-peek=\"0\" data-autoplay=\"true\" data-height=\"400px\" data-hide-arrows=\"false\"><div class=\"glide__track\" data-glide-el=\"track\"><div class=\"glide__slides\"><div class=\"wp-block-themeisle-blocks-slider-item-wrapper glide__slide\" tabindex=\"0\"><figure><img decoding=\"async\" class=\"wp-block-themeisle-blocks-slider-item\" src=\"https:\/\/vacances-mussillons.fr\/wp-content\/uploads\/2023\/09\/img-6444_orig.jpeg\" alt=\"\" title=\"\" data-id=\"320\"\/><\/figure><\/div><div class=\"wp-block-themeisle-blocks-slider-item-wrapper glide__slide\" tabindex=\"0\"><figure><img decoding=\"async\" class=\"wp-block-themeisle-blocks-slider-item\" src=\"https:\/\/vacances-mussillons.fr\/wp-content\/uploads\/2023\/09\/paysage-de-neige_orig.jpg\" alt=\"\" title=\"\" data-id=\"321\"\/><\/figure><\/div><div class=\"wp-block-themeisle-blocks-slider-item-wrapper glide__slide\" tabindex=\"0\"><figure><img decoding=\"async\" class=\"wp-block-themeisle-blocks-slider-item\" src=\"https:\/\/vacances-mussillons.fr\/wp-content\/uploads\/2023\/09\/cascade-du-herisson_orig.jpg\" alt=\"\" title=\"\" data-id=\"317\"\/><\/figure><\/div><div class=\"wp-block-themeisle-blocks-slider-item-wrapper glide__slide\" tabindex=\"0\"><figure><img decoding=\"async\" class=\"wp-block-themeisle-blocks-slider-item\" src=\"https:\/\/vacances-mussillons.fr\/wp-content\/uploads\/2023\/09\/chiens-de-traineaux_orig.jpg\" alt=\"\" title=\"\" data-id=\"318\"\/><\/figure><\/div><div class=\"wp-block-themeisle-blocks-slider-item-wrapper glide__slide\" tabindex=\"0\"><figure><img decoding=\"async\" class=\"wp-block-themeisle-blocks-slider-item\" src=\"https:\/\/vacances-mussillons.fr\/wp-content\/uploads\/2023\/09\/circuits-de-randonnee_orig.jpg\" alt=\"\" title=\"\" data-id=\"319\"\/><\/figure><\/div><div class=\"wp-block-themeisle-blocks-slider-item-wrapper glide__slide\" tabindex=\"0\"><figure><img decoding=\"async\" class=\"wp-block-themeisle-blocks-slider-item\" src=\"https:\/\/vacances-mussillons.fr\/wp-content\/uploads\/2023\/09\/capture-d-e-cran-2019-11-04-a-10-11-22_orig.png\" alt=\"\" title=\"\" data-id=\"316\"\/><\/figure><\/div><div class=\"wp-block-themeisle-blocks-slider-item-wrapper glide__slide\" tabindex=\"0\"><figure><img decoding=\"async\" class=\"wp-block-themeisle-blocks-slider-item\" src=\"https:\/\/vacances-mussillons.fr\/wp-content\/uploads\/2023\/09\/339000486-11-283515_orig.jpg\" alt=\"\" title=\"\" data-id=\"315\"\/><\/figure><\/div><div class=\"wp-block-themeisle-blocks-slider-item-wrapper glide__slide\" tabindex=\"0\"><figure><img decoding=\"async\" class=\"wp-block-themeisle-blocks-slider-item\" src=\"https:\/\/vacances-mussillons.fr\/wp-content\/uploads\/2023\/09\/2d5c322b-7b6d-4a63-a8de-435b84ec8479_orig.jpg\" alt=\"\" title=\"\" data-id=\"313\"\/><\/figure><\/div><div class=\"wp-block-themeisle-blocks-slider-item-wrapper glide__slide\" tabindex=\"0\"><figure><img decoding=\"async\" class=\"wp-block-themeisle-blocks-slider-item\" src=\"https:\/\/vacances-mussillons.fr\/wp-content\/uploads\/2023\/09\/5b80828c-a36f-4f88-b4d1-bc0e28ae5e5d_orig-1024x768.jpg\" alt=\"\" title=\"\" data-id=\"314\"\/><\/figure><\/div><\/div><div class=\"glide__bullets\" data-glide-el=\"controls[nav]\"><button class=\"glide__bullet\" data-glide-dir=\"=0\"><\/button><button class=\"glide__bullet\" data-glide-dir=\"=1\"><\/button><button class=\"glide__bullet\" data-glide-dir=\"=2\"><\/button><button class=\"glide__bullet\" data-glide-dir=\"=3\"><\/button><button class=\"glide__bullet\" data-glide-dir=\"=4\"><\/button><button class=\"glide__bullet\" data-glide-dir=\"=5\"><\/button><button class=\"glide__bullet\" data-glide-dir=\"=6\"><\/button><button class=\"glide__bullet\" data-glide-dir=\"=7\"><\/button><button class=\"glide__bullet\" data-glide-dir=\"=8\"><\/button><\/div><\/div><\/div>\n\n\n\n<p><\/p>\n","protected":false},"excerpt":{"rendered":"<p>Le&nbsp;d\u00e9partement du Jura est un&nbsp;d\u00e9partement fran\u00e7ais&nbsp;dont le nom vient du gaulois&nbsp;juris&nbsp;qui signifie \u00ab&nbsp;for\u00eat de montagne&nbsp;\u00bb (massif du Jura). C&rsquo;est un des huit d\u00e9partements de la r\u00e9gion&nbsp;Bourgogne-Franche-Comt\u00e9. Il fait partie de la r\u00e9gion historique et culturelle de&nbsp;Franche-Comt\u00e9. Sa pr\u00e9fecture est&nbsp;Lons-le-Saunier.Ses habitants sont les Jurassiens. L&rsquo;Insee&nbsp;et&nbsp;la Poste&nbsp;lui attribuent le code 39.&nbsp; &nbsp; [&hellip;]<\/p>\n","protected":false},"author":1,"featured_media":317,"parent":0,"menu_order":0,"comment_status":"closed","ping_status":"closed","template":"","meta":{"_themeisle_gutenberg_block_has_review":false,"footnotes":""},"class_list":["post-247","page","type-page","status-publish","has-post-thumbnail","hentry"],"_links":{"self":[{"href":"https:\/\/vacances-mussillons.fr\/index.php\/wp-json\/wp\/v2\/pages\/247","targetHints":{"allow":["GET"]}}],"collection":[{"href":"https:\/\/vacances-mussillons.fr\/index.php\/wp-json\/wp\/v2\/pages"}],"about":[{"href":"https:\/\/vacances-mussillons.fr\/index.php\/wp-json\/wp\/v2\/types\/page"}],"author":[{"embeddable":true,"href":"https:\/\/vacances-mussillons.fr\/index.php\/wp-json\/wp\/v2\/users\/1"}],"replies":[{"embeddable":true,"href":"https:\/\/vacances-mussillons.fr\/index.php\/wp-json\/wp\/v2\/comments?post=247"}],"version-history":[{"count":6,"href":"https:\/\/vacances-mussillons.fr\/index.php\/wp-json\/wp\/v2\/pages\/247\/revisions"}],"predecessor-version":[{"id":402,"href":"https:\/\/vacances-mussillons.fr\/index.php\/wp-json\/wp\/v2\/pages\/247\/revisions\/402"}],"wp:featuredmedia":[{"embeddable":true,"href":"https:\/\/vacances-mussillons.fr\/index.php\/wp-json\/wp\/v2\/media\/317"}],"wp:attachment":[{"href":"https:\/\/vacances-mussillons.fr\/index.php\/wp-json\/wp\/v2\/media?parent=247"}],"curies":[{"name":"wp","href":"https:\/\/api.w.org\/{rel}","templated":true}]}}