{"id":68,"date":"2023-09-19T15:14:19","date_gmt":"2023-09-19T13:14:19","guid":{"rendered":"https:\/\/vacances-mussillons.fr\/?page_id=68"},"modified":"2026-04-13T15:21:53","modified_gmt":"2026-04-13T13:21:53","slug":"accueil-2","status":"publish","type":"page","link":"https:\/\/vacances-mussillons.fr\/","title":{"rendered":"Accueil"},"content":{"rendered":"\n<figure class=\"wp-block-image size-full\"><img loading=\"lazy\" decoding=\"async\" width=\"1067\" height=\"800\" src=\"https:\/\/vacances-mussillons.fr\/wp-content\/uploads\/2023\/09\/whatsapp-image-2019-10-06-at-18-35-50_1_orig.jpeg\" alt=\"\" class=\"wp-image-285\" srcset=\"https:\/\/vacances-mussillons.fr\/wp-content\/uploads\/2023\/09\/whatsapp-image-2019-10-06-at-18-35-50_1_orig.jpeg 1067w, https:\/\/vacances-mussillons.fr\/wp-content\/uploads\/2023\/09\/whatsapp-image-2019-10-06-at-18-35-50_1_orig-300x225.jpeg 300w, https:\/\/vacances-mussillons.fr\/wp-content\/uploads\/2023\/09\/whatsapp-image-2019-10-06-at-18-35-50_1_orig-1024x768.jpeg 1024w, https:\/\/vacances-mussillons.fr\/wp-content\/uploads\/2023\/09\/whatsapp-image-2019-10-06-at-18-35-50_1_orig-768x576.jpeg 768w\" sizes=\"auto, (max-width: 1067px) 100vw, 1067px\" \/><\/figure>\n\n\n\n<figure class=\"wp-block-audio\"><audio controls src=\"https:\/\/vacances-mussillons.fr\/wp-content\/uploads\/2025\/10\/Forum-Des-Associations-2025-lEnfance-dAscq-1.mp3\"><\/audio><figcaption class=\"wp-element-caption\">                     <em> Interview de 2 de nos membres lors de la foire aux associations au Palacium de Villeneuve-d&rsquo;Ascq du 14 Septembre 2025 en direct \u00e0 la radio Campus<\/em><\/figcaption><\/figure>\n\n\n<div class=\"wp-block-image\">\n<figure class=\"aligncenter size-full is-resized\"><img loading=\"lazy\" decoding=\"async\" width=\"500\" height=\"500\" src=\"https:\/\/vacances-mussillons.fr\/wp-content\/uploads\/2024\/04\/9765970_7f505.gif\" alt=\"\" class=\"wp-image-537\" style=\"width:456px;height:auto\"\/><\/figure>\n<\/div>\n\n\n<p class=\"has-white-background-color has-text-color has-background has-link-color has-medium-font-size wp-elements-07ddcbf7b7cd0c10e84fa33f7e5cf674\" style=\"color:#000000fc\"><strong><em>\u00ab\u00a0Les Mussillons, c&rsquo;est le paradis&#8230;\u00a0\u00bb&nbsp;<\/em><\/strong><\/p>\n\n\n\n<p class=\"has-text-align-center has-white-background-color has-background has-medium-font-size\"><em> <strong>\u00ab\u00a0Enfin aux Mussillons, vive la libert\u00e9 !\u00a0\u00bb <\/strong>  <\/em>              <\/p>\n\n\n\n<p class=\"has-text-align-right has-white-background-color has-background has-medium-font-size\"><em> <strong> \u00ab\u00a0J&rsquo;adore les Mussillons <br>  parce qu&rsquo;on a le temps de faire ce que l&rsquo;on veut,<br>\u200b   et de prendre son temps&#8230;\u00a0\u00bb<\/strong><\/em><\/p>\n\n\n\n<p class=\"has-text-align-left\">Autant de mots d&rsquo;enfants qui d\u00e9crivent si bien ce que repr\u00e9sente notre centre de vacances&#8230;<br>Situ\u00e9 dans la commune de Grande Rivi\u00e8re, \u00e0 l&rsquo;\u00e9cart des routes principales dans un \u00e9crin de verdure, l&rsquo;endroit est calme, reposant et empreint de s\u00e9r\u00e9nit\u00e9.<br>Le petit hameau des Mussillons se trouve dans le Jura \u00e0 920m d&rsquo;altitude, \u00e0 proximit\u00e9 d&rsquo;un lac et d&rsquo;un massif forestier.<\/p>\n\n\n\n<figure class=\"wp-block-image size-full is-resized\"><img loading=\"lazy\" decoding=\"async\" width=\"614\" height=\"409\" src=\"https:\/\/vacances-mussillons.fr\/wp-content\/uploads\/2023\/09\/abbaye_1_orig.jpg\" alt=\"\" class=\"wp-image-325\" style=\"width:844px;height:auto\" srcset=\"https:\/\/vacances-mussillons.fr\/wp-content\/uploads\/2023\/09\/abbaye_1_orig.jpg 614w, https:\/\/vacances-mussillons.fr\/wp-content\/uploads\/2023\/09\/abbaye_1_orig-300x200.jpg 300w, https:\/\/vacances-mussillons.fr\/wp-content\/uploads\/2023\/09\/abbaye_1_orig-360x240.jpg 360w\" sizes=\"auto, (max-width: 614px) 100vw, 614px\" \/><\/figure>\n\n\n\n<p><\/p>\n","protected":false},"excerpt":{"rendered":"<p>\u00ab\u00a0Les Mussillons, c&rsquo;est le paradis&#8230;\u00a0\u00bb&nbsp; \u00ab\u00a0Enfin aux Mussillons, vive la libert\u00e9 !\u00a0\u00bb \u00ab\u00a0J&rsquo;adore les Mussillons parce qu&rsquo;on a le temps de faire ce que l&rsquo;on veut,\u200b et de prendre son temps&#8230;\u00a0\u00bb Autant de mots d&rsquo;enfants qui d\u00e9crivent si bien ce que repr\u00e9sente notre centre de vacances&#8230;Situ\u00e9 dans la commune de [&hellip;]<\/p>\n","protected":false},"author":1,"featured_media":312,"parent":0,"menu_order":0,"comment_status":"closed","ping_status":"closed","template":"","meta":{"_themeisle_gutenberg_block_has_review":false,"footnotes":""},"class_list":["post-68","page","type-page","status-publish","has-post-thumbnail","hentry"],"_links":{"self":[{"href":"https:\/\/vacances-mussillons.fr\/index.php\/wp-json\/wp\/v2\/pages\/68","targetHints":{"allow":["GET"]}}],"collection":[{"href":"https:\/\/vacances-mussillons.fr\/index.php\/wp-json\/wp\/v2\/pages"}],"about":[{"href":"https:\/\/vacances-mussillons.fr\/index.php\/wp-json\/wp\/v2\/types\/page"}],"author":[{"embeddable":true,"href":"https:\/\/vacances-mussillons.fr\/index.php\/wp-json\/wp\/v2\/users\/1"}],"replies":[{"embeddable":true,"href":"https:\/\/vacances-mussillons.fr\/index.php\/wp-json\/wp\/v2\/comments?post=68"}],"version-history":[{"count":52,"href":"https:\/\/vacances-mussillons.fr\/index.php\/wp-json\/wp\/v2\/pages\/68\/revisions"}],"predecessor-version":[{"id":661,"href":"https:\/\/vacances-mussillons.fr\/index.php\/wp-json\/wp\/v2\/pages\/68\/revisions\/661"}],"wp:featuredmedia":[{"embeddable":true,"href":"https:\/\/vacances-mussillons.fr\/index.php\/wp-json\/wp\/v2\/media\/312"}],"wp:attachment":[{"href":"https:\/\/vacances-mussillons.fr\/index.php\/wp-json\/wp\/v2\/media?parent=68"}],"curies":[{"name":"wp","href":"https:\/\/api.w.org\/{rel}","templated":true}]}}